of z?
2
Let z = 257 + -179. What are the prime factors of z?
2, 3, 13
Let v(c) = c**2 + c + 6. Let a(h) = 2*h**2 + h + 5. Let q(k) = 5*a(k) - 4*v(k). Suppose y + 3 = 2. What are the prime factors of q(y)?
2, 3
Let q be (2 + 1)/((-8)/(-128)). Let i = -29 + q. List the prime factors of i.
19
Suppose 2*l - 40 + 196 = 5*j, 3*l - 6 = 0. What are the prime factors of j?
2
Suppose -5*b = 5*d + 17 - 47, -3*d + 26 = 5*b. Suppose 0 = 5*x - b*l - 23 - 53, -5*x + 3*l = -77. What are the prime factors of x?
2
Let r be 4/(-14) - 368/(-14). Let y = r + -15. List the prime factors of y.
11
Let s = -29 + 64. Let t = s - 18. What are the prime factors of t?
17
Let u = -4 - -46. Suppose -4*p + u = -18. List the prime factors of p.
3, 5
Let a be (2 + 1 + 1)/2. Suppose -2*t + 26 = 4*p - 5*p, -a*t + 3*p = -26. What are the prime factors of t?
13
Let s be (-60)/25*20/(-6). Suppose 4*x = 2*x + s. What are the prime factors of x?
2
Let m(j) = 27*j - 6. Let s be m(5). Let o = -75 + s. List the prime factors of (2/3)/(3/o).
2, 3
Let h(j) = 2*j**2 - 13*j + 1. Let k be h(6). List the prime factors of 4/((-12)/k + -2).
2, 5
Let u(r) = 8*r + 2. Let d be u(8). Suppose -6*s + d = -4*s. Let w = s - 19. What are the prime factors of w?
2, 7
Let i be 2/(-10) + (-48)/(-15). Let l be (-36)/(-10) - (-6)/15. Suppose -l*t + 28 = -t - 2*o, -i*o = 2*t - 36. What are the prime factors of t?
2, 3
Let a be -4*2 + 3 + 1. Let x = 1 - a. Suppose 0 = y - 4*n + 9 + 1, -x*n = -y - 14. What are the prime factors of y?
2, 3
Suppose 5*u - 20 = 5*d, -2*d = d + 4*u - 23. Suppose 5 - d = 4*l. Let n = 3 - l. What are the prime factors of n?
2
Suppose 0 = 5*y + 5 - 25. Suppose 3*j = -y*q + 27, -2*q + 24 = 2*j + 8. Suppose -5*v - 4*p = -52 + 12, -3*v - j*p + 24 = 0. List the prime factors of v.
2
Let h = -19 - -8. Suppose 3*q = -4*n + 3 + 62, 4*n = -5*q + 63. Let s = n + h. What are the prime factors of s?
2, 3
List the prime factors of (5 - 6 - 5)*-67.
2, 3, 67
Suppose -6 = -3*z + 321. List the prime factors of z.
109
Let y be (0 + 1)*(0 - -5). Suppose y + 10 = -3*n. List the prime factors of (4/n)/((-2)/25).
2, 5
Let z = -19 - -30. Suppose 0 = -2*v + w + 49, w - 6*w - z = -v. What are the prime factors of v?
2, 13
Suppose i + i = 24. List the prime factors of i.
2, 3
Suppose -d = -0*d + 26. List the prime factors of -2*1/(4/d).
13
Let m be 25 - (2 - (-1)/(-1)). Suppose -m = -4*j + 20. List the prime factors of j.
11
Let j(u) = u**2 + 4*u - 4. Let h be j(-5). Let g be (3 - 2)*11/h. Suppose -s + 0*s + g = 0. List the prime factors of s.
11
Let s(m) be the first derivative of 1/2*m**2 + m + 2/3*m**3 + 1. List the prime factors of s(-1).
2
Suppose 7*d - 2*d = 5. Let b be ((0/(-1))/1)/d. Suppose 0 = 5*m + 4*a - 94, -3*m + b*a + a + 70 = 0. What are the prime factors of m?
2, 11
Let i = -76 + 41. Let x = 57 + i. What are the prime factors of x?
2, 11
Suppose 2*j = 3 + 1. Let o = 11 - j. What are the prime factors of o?
3
Suppose 1 + 8 = 3*a. Suppose -a*g + 2 + 13 = 3*r, -3*r + g + 15 = 0. List the prime factors of r.
5
Let w(b) = 3*b**2 - 45. Let v(t) = -t**2 + 23. Let d(y) = 5*v(y) + 2*w(y). What are the prime factors of d(0)?
5
What are the prime factors of 3/5 + 21/15?
2
Suppose m - 16 = -3*m. Suppose 0 = 4*l - m*a - 104, -4*l + 86 = 3*a - a. List the prime factors of l.
23
What are the prime factors of (24/(-2) - 0)*30/(-4)?
2, 3, 5
Let d(i) = i**3 - 8*i**2 - 10*i - 7. Let p be d(9). Let t be p/20*10/(-4). What are the prime factors of 10 - (1 + -5 + t)?
2, 3
Let f(h) = 6*h**2 + 2*h - 2. Let o be f(2). Let q = -20 + o. List the prime factors of q.
2, 3
Suppose n + 22 = -5*o + 4, 0 = -3*n + 2*o + 14. Let y(p) = 8*p - 2. Let z be y(n). Suppose 0 = -4*q + z + 26. List the prime factors of q.
2, 5
Suppose 2*q + q - 45 = 0. Suppose 0 = -h + 25 + q. List the prime factors of h.
2, 5
Let n = 32 - 62. Let j = -18 - n. What are the prime factors of j?
2, 3
Let n(d) = d**2 - 2*d + d**3 + 2 + d - 1. List the prime factors of n(2).
11
Let o be 345/18 - (-3)/(-18). Suppose o = 2*v - 19. List the prime factors of v.
19
Suppose -13 = -5*l - 3. Suppose 0 = -3*t - 5*i + 53, 4 = l*i - 4*i. What are the prime factors of t?
3, 7
Suppose -195 = -0*h - 5*h. List the prime factors of h.
3, 13
Suppose -2*c + 3*c = 15. Let i = -6 + c. List the prime factors of 3/(-9) - (-210)/i.
23
Suppose 2*i + p = 9, i + 2*p - 12 = -p. Suppose o = -i*o - 2*s + 220, 5*o = -2*s + 273. What are the prime factors of o?
53
Let k = -14 - -27. Let t = 7 - k. List the prime factors of -1*-14*(-3)/t.
7
Let c be (28/35)/((-2)/(-50)). Suppose 3*x + c = 8*x. List the prime factors of x.
2
Let o(j) = -7*j**3 - j + 1. Let m be o(1). Let d = m + 18. List the prime factors of d.
11
Let j be -8 + 1 + 5/5. Let o(n) be the third derivative of n**6/120 + 7*n**5/60 + n**4/4 + 5*n**3/6 - 4*n**2. What are the prime factors of o(j)?
5
Suppose 5*d = 3*a + 232, 4*a + 151 = 5*d - 80. List the prime factors of d.
47
Suppose -2*x = -l + 6, -4*x - 16 = 4*l - 7*l. Suppose -5*k + 5 = -l*h + h, 5*h - 5*k = -5. Suppose 13 = t - h*t. List the prime factors of t.
13
List the prime factors of (2/3 + 177/18)*6.
3, 7
Suppose -3*a - a = 0. Suppose -1 = 5*h + 2*m - 8, a = -2*m + 2. Suppose t - 19 = -3*j, 4*j = 5 - h. What are the prime factors of t?
2
Let i be ((-3)/2)/((-3)/20). Let q be (-4)/(-8) + i/4. Let m = 4 + q. What are the prime factors of m?
7
Let d = 48 + -32. Let h be (-148)/(-6) - 2/3. Let t = h - d. What are the prime factors of t?
2
Suppose 2*u = u + 5. Let k(r) = -r - 1. Let o(g) = -2*g + 1. Let t(l) = -3*k(l) + o(l). What are the prime factors of t(u)?
3
Let x(g) = 9*g - g**2 + 6*g - 5*g - g - 5. Let a(c) = -c + 2. Let l be a(-5). List the prime factors of x(l).
3
Suppose -3*z = -3*c + 3, 4*c - 4*z = z + 3. Suppose -76 = c*m - 6*m. Suppose 0 = a + 1, 2*q - 5*q + m = 2*a. What are the prime factors of q?
7
Let n = 8 + -6. List the prime factors of 14/(-4)*n*-1.
7
Suppose 6*w + 385 = 11*w. Let m = w - 38. List the prime factors of m.
3, 13
Suppose -167 + 11 = -2*l. List the prime factors of l.
2, 3, 13
What are the prime factors of 317/11 + (-8)/(-44)?
29
Let d be 3/(-6) + (-26)/(-4). Suppose -9 = -3*k + 45. Suppose 3*r + k = d*r. What are the prime factors of r?
2, 3
Suppose 145 = 3*q + 4*x, -x - 151 = -3*q - 2*x. List the prime factors of q.
3, 17
Suppose -4*r - 4 - 4 = 0. Let q(f) = -8*f - 3. List the prime factors of q(r).
13
Let p(r) = r**3 + 9*r**2 + 5*r - 8. Let j be p(-7). Suppose j = 4*q - 9. Suppose t - q = -t. List the prime factors of t.
2
Let x be (1/2 + -1)*-68. Suppose -x - 6 = -4*f. What are the prime factors of f?
2, 5
Let u = -233 + 341. List the prime factors of u.
2, 3
Suppose 12 = -4*v, 3*c + 4*v + v = 168. List the prime factors of c.
61
Suppose 2*y + 67 = 243. List the prime factors of y.
2, 11
Let r(o) = 5*o**2 - o. Let s be r(1). Suppose -s*m = -6*m - 20. List the prime factors of 13*-2*5/m.
13
Let j = -8 + 10. Suppose -f + 4 = 0, -j*f + 4 = -2*v + f. List the prime factors of v.
2
List the prime factors of (-1 - 2335/(-20)) + 1/4.
2, 29
Suppose -5*s = 3*p - 4*p + 3, -5*p - s = -15. Suppose 0*x - 165 = -3*x. Suppose 2*f - x = -p*f + 5*i, -2*f + 4*i + 30 = 0. What are the prime factors of f?
7
Let l(n) = -n**3 + 8*n**2 - 8*n + 7. Let f be l(7). Let o = f - -2. Suppose -o + 26 = 2*s. List the prime factors of s.
2, 3
Suppose 2*o - 14 = -0*o. Suppose z + o = 1. List the prime factors of ((-50)/15)/(2/z).
2, 5
Let g be -2 + 3 + 1/(-1). Let o(u) = -u + 11. Let x be o(g). Suppose -12 = -3*r, -4*a - 4*r + x = -37. List the prime factors of a.
2
Let v(q) = 3*q**3 + 5*q**3 - 11*q + 7*q**2 - 3*q**3 - 4*q**3 - 7. Let j be v(-7). Suppose 4*x + x = j. List the prime factors of x.
2, 7
Suppose -4*k + 2*y + 360 = 0, -2*y - 45 - 135 = -2*k. What are the prime factors of k?
2, 3, 5
Suppose 0 = -4*o - 20, 0*n - 3*o = -3*n + 234. What are the prime factors of n?
73
What are the prime factors of -3 - -1 - (-23 + 2)?
19
Suppose 3*d = 4*i - 16, 4*d = -2*i - d + 34. What are the prime factors of i?
7
Suppose 0 = -5*q + t + 17, -3*t - 11 = 5*q - 40. Let o(l) = -l**2 + 0 + 2 + 1 - q*l. List the prime factors of o(-4).
3
Let g = 10 + 23. List the prime factors of g.
3, 11
Let m = -12 - -6. Let j be (-6)/(-4)*396/27. Let t = j + m. List the prime factors of t.
2
S